ase 8, what is -1 - 2127557?
-2127560
In base 3, what is -2002000002 - 210?
-2002000212
In base 10, what is 194211 + -8?
194203
In base 11, what is 4 + -358626?
-358622
In base 10, what is 255 - 90?
165
In base 14, what is 1 - -1091?
1092
In base 5, what is 10 - 1043133?
-1043123
In base 2, what is -100010001010 - -10?
-100010001000
In base 15, what is -1 + -46ab4?
-46ab5
In base 8, what is -2 - 236460?
-236462
In base 4, what is 13301 + 2202?
22103
In base 12, what is -5a7125 + 1?
-5a7124
In base 12, what is -56a0 - -45?
-5657
In base 6, what is 10 - 13530523?
-13530513
In base 13, what is 4 - -941?
945
In base 9, what is -357 - -217?
-140
In base 16, what is -749 - 6?
-74f
In base 13, what is 17 - -c92?
ca9
In base 10, what is -78781 + -3?
-78784
In base 5, what is -102123 - 0?
-102123
In base 3, what is -10011 - 1101200?
-1111211
In base 3, what is -21 + 101202200?
101202102
In base 14, what is 3d - -a69?
aa8
In base 13, what is 1c - 186?
-167
In base 5, what is -1233 + -142231?
-144014
In base 4, what is 0 + -23012012?
-23012012
In base 3, what is -1202220022220 - -10?
-1202220022210
In base 7, what is 253 + 23442?
24025
In base 13, what is -64417 - -5?
-64412
In base 12, what is -6412 - 372?
-6784
In base 13, what is -2167 - -511?
-1956
In base 4, what is -1323312212 + 100?
-1323312112
In base 3, what is -2210210 - -101100?
-2102110
In base 10, what is 8 - -75778?
75786
In base 14, what is -136ab - 0?
-136ab
In base 7, what is -364455 - -5?
-364450
In base 11, what is -4 - 2978a3?
-2978a7
In base 14, what is 9 + -1618b?
-16182
In base 10, what is 9 + 14878?
14887
In base 7, what is 2 - 50600?
-50565
In base 11, what is 0 - 258608?
-258608
In base 5, what is -11 + -23033?
-23044
In base 4, what is 3 - -3231321210?
3231321213
In base 16, what is -62 + 13a1?
133f
In base 7, what is -1 - -2533435?
2533434
In base 5, what is 31114 + -4?
31110
In base 2, what is -1111 - 11000001100101?
-11000001110100
In base 4, what is -3 - 33130120?
-33130123
In base 11, what is -1 - 924363?
-924364
In base 12, what is -2 - -16263?
16261
In base 6, what is 43102421 - -4?
43102425
In base 11, what is 365971 + -1?
365970
In base 8, what is 3631 + -606?
3023
In base 4, what is -3123230 - 12?
-3123302
In base 13, what is -3 + 10b92b?
10b928
In base 5, what is -314213 + 10?
-314203
In base 3, what is -1 - -1022211221?
1022211220
In base 15, what is -5bc + 123?
-499
In base 4, what is -11 + -213211022?
-213211033
In base 8, what is -150667 - -1?
-150666
In base 12, what is -3087 + -7?
-3092
In base 7, what is 41 - -256215?
256256
In base 15, what is 3975 + -2a?
394a
In base 12, what is 2641 - 82?
257b
In base 8, what is 4500 + -27?
4451
In base 14, what is 83a + 3?
83d
In base 14, what is -d1 - 68?
-159
In base 7, what is -210 + 2024?
1514
In base 10, what is 2125 - -313?
2438
In base 7, what is -102140 + -2?
-102142
In base 8, what is 36 - -3074?
3132
In base 5, what is 10304 + -32404?
-22100
In base 4, what is 31003 - -3330?
100333
In base 12, what is -2 + 10b3a?
10b38
In base 12, what is 4 + -2b987?
-2b983
In base 6, what is -3 + -30405412?
-30405415
In base 15, what is 733b - -5?
7341
In base 2, what is 1011 + -1001100111101?
-1001100110010
In base 5, what is 10 - 211402221?
-211402211
In base 7, what is -235020223 - 0?
-235020223
In base 5, what is 33042 - 104043?
-21001
In base 15, what is 12332 - 23?
1230e
In base 12, what is a4 - -8018?
8100
In base 6, what is 4 - 221444?
-221440
In base 12, what is -1 - 2091b?
-20920
In base 7, what is 4666633 - -5?
4666641
In base 5, what is -3421213 + 11?
-3421202
In base 4, what is 220 + -213303?
-213023
In base 11, what is 8869656 - -2?
8869658
In base 12, what is -985b + 2?
-9859
In base 13, what is 25256 - -27?
25280
In base 7, what is 2214 - 145?
2036
In base 11, what is -2 + -9941?
-9943
In base 16, what is 3 + c18?
c1b
In base 11, what is 0 + 3065?
3065
In base 9, what is -240350 - 3?
-240353
In base 12, what is -2 - -2384?
2382
In base 12, what is -13 - -1875?
1862
In base 3, what is -10211 - 220120?
-1001101
In base 13, what is -33 - 3c5?
-428
In base 3, what is -111111210221 - -22?
-111111210122
In base 6, what is -4523421 + 0?
-4523421
In base 15, what is -46d + c06?
788
In base 10, what is -171 - 167?
-338
In base 14, what is -56b + -2?
-56d
In base 15, what is a94 - -2b?
ac0
In base 2, what is 10011 - 1011001101011110?
-1011001101001011
In base 16, what is -11d - -869?
74c
In base 11, what is 10a4370 - 3?
10a4368
In base 11, what is 21738 + -1?
21737
In base 5, what is -12324 + -231?
-13110
In base 5, what is -314412 - -4?
-314403
In base 12, what is -33b4 - -9?
-33a7
In base 11, what is 70552 - 1?
70551
In base 10, what is 65 - -6?
71
In base 12, what is -9246b - 2?
-92471
In base 10, what is -1 + 8245?
8244
In base 10, what is -79 + -2245?
-2324
In base 2, what is -101 - 1001110100001001?
-1001110100001110
In base 10, what is 205831 + -1?
205830
In base 8, what is -2 + 16613?
16611
In base 10, what is 65 - 3009?
-2944
In base 7, what is -65 - 51664?
-52062
In base 7, what is 201042 - -5?
201050
In base 9, what is -7580 - -50?
-7530
In base 6, what is 22 - -133022?
133044
In base 16, what is caa0 - -6?
caa6
In base 2, what is 101101011110110 - 1001010?
101101010101100
In base 6, what is -3141 - 4?
-3145
In base 16, what is 2f098 - 5?
2f093
In base 2, what is 101 + 1011010001?
1011010110
In base 10, what is -3555673 - 2?
-3555675
In base 2, what is -10111011010110100 - 10?
-10111011010110110
In base 9, what is -52 - 101848?
-102011
In base 6, what is 11252 + 4430?
20122
In base 9, what is 328 - 352?
-23
In base 16, what is dc - be?
1e
In base 10, what is 0 - 17889?
-17889
In base 14, what is 6c9 + a86?
1371
In base 14, what is 49a0 + 12?
49b2
In base 5, what is 11 + 4101003?
4101014
In base 2, what is 11 - 1100110110111011011?
-1100110110111011000
In base 8, what is -13624 - 14?
-13640
In base 8, what is -5 - 42425?
-42432
In base 6, what is -3012315 + 2?
-3012313
In base 13, what is 0 + a0272?
a0272
In base 16, what is -7c - -47?
-35
In base 15, what is -53 + 757?
704
In base 16, what is 4 + -14fae?
-14faa
In base 14, what is 5 + -2d5?
-2d0
In base 5, what is 44442002 + 3?
44442010
In base 5, what is -1 + -4032403?
-4032404
In base 2, what is -111111000111000100110 + -1?
-111111000111000100111
In base 7, what is -525265 - -5?
-525260
In base 7, what is -13206 - 25?
-13234
In base 10, what is -29423 + 11?
-29412
In base 16, what is eebe + -2?
eebc
In base 16, what is 5f - da2?
-d43
In base 13, what is -a1 - -65c1?
6520
In base 14, what is -6a83 + -2?
-6a85
In base 12, what is 262 + 392a?
3b90
In base 5, what is -2413422 + 22?
-2413400
In base 6, what is 305353 - 152?
305201
In base 13, what is 30 + -8c8?
-898
In base 3, what is 1 + 100012121011?
100012121012
In base 7, what is -204433 + 2?
-204431
In base 15, what is -99 + 66?
-33
In base 16, what is 401e + 5?
4023
In base 2, what is -110011001001 + -100011010?
-110111100011
In base 10, what is -11 + -20377?
-20388
In base 5, what is -12 + -4402?
-4414
In base 7, what is 442005 - 2?
442003
In base 16, what is -5 - 34156?
-3415b
In base 13, what is -4 + -5b753?
-5b757
In base 11, what is 13 + -24752?
-2473a
In base 5, what is 433214 + 3?
433222
In base 11, what is 10 - 1328?
-1318
In base 6, what is -121 + -20453?
-21014
In base 12, what is -a361 + -2?
-a363
In base 10, what is -46 - 10955?
-11001
In base 3, what is -2100 - 200000111?
-200002211
In base 11, what is -29a66 - -13?
-29a53
In base 16, what is 5 + 18715?
1871a
In base 6, what is 5211 + 333?
5544
In base 5, what is -1 + -134002110?
-134002111
In base 2, what is -1011111100011010001100 + 11?
-1011111100011010001001
In base 15, what is -14 - 3bda?
-3bee
In base 9, what is 1 - -125417?
125418
In base 13, what is -10584 + b?
-10576
In base 4, what is -11 - 13030201?
-13030212
In base 5, what is 11143132 - -30?
11143212
In base 2, what is -11 - -11010010010100100000?
11010010010100011101
In base 7, what is 354010 - -3?
354013
In base 14, what is -1 - 2ca82?
-2ca83
In base 6, what is 125 - 13354?
-13225
In base 13, what is -1 + -9469?
-946a
In base 11, what is -2014a2 - 5?
-2014a7
In base 2, what is -1 + -10011001000010100000?
-10011001000010100001
In base 7, what is 1 - 1205002?
-1205001
In base 3,